y - 2*y**2 + 3*y. Give n(3).
-12
Let s(d) = 5*d**2 + 57*d + 69. Let a be s(-10). Let p(h) = -2 + 2 + 8 - 9*h - 9. What is p(a)?
8
Suppose -n - 5*t = -19, -2*n - 11 = 3*t - 42. Let d(s) = -s**2 + 13*s + 20. What is d(n)?
6
Let y = 1076 - 1064. Let h(s) = -s**2 + 14*s - 3. Determine h(y).
21
Let v(n) be the third derivative of -20*n**2 - 1/3*n**3 + 13/60*n**5 - 1/24*n**4 - 2 + 0*n. What is v(-1)?
12
Suppose 0 = 6*o + 471 + 63. Let u = o + 87. Let z(q) = -7*q + 2. Calculate z(u).
16
Let z be 3*((-12)/9 - 4). Let q be (-12)/z - 780/16. Let x = q + 39. Let y(w) = -w - 16. Give y(x).
-7
Let a be -15 + 2 + 8 + 4. Let h(s) = -14*s**2 + 2*s + 1. Give h(a).
-15
Let j = -441 + 279. Let n = 235 + j. Let v = 69 - n. Let x(u) = u**3 + 5*u**2 + 3*u - 5. Give x(v).
-1
Let t(g) = -g**2 + 6*g + 6. Let b be (-33 + -5 - 1) + 0. Let d = b + 41. Suppose -d*i - 19 = -31. Calculate t(i).
6
Let g(o) be the first derivative of o**3/2 - 2*o + 5. Let k(i) be the first derivative of g(i). Let q(w) = -w**3 + 4*w**2 + 7*w - 12. Let v be q(5). Give k(v).
-6
Let f(v) = 3*v + 400. Let y be f(0). Let h be (-2)/(-13) + y/104. Let m(p) = p**3 + 6 - p**2 - 3 - h. What is m(2)?
3
Let o be ((-2)/2*-1)/((-3)/(-108)). Let u = o - 34. Let m(f) = 5*f**u + 3*f**2 + 29 + 2*f + f**3 - 24. What is m(-8)?
-11
Let n(x) = -x**2 + x - 2. Suppose -32*i + 467 = 147. Suppose 55 = i*l + 35. Calculate n(l).
-4
Let f(u) = u + 7. Let k(z) = 0*z**2 + 2 + 2*z**2 - 7 + 8*z - 6. Let x be k(-5). Let n(j) = j + 1. Let b(l) = x*f(l) + 3*n(l). Determine b(7).
10
Suppose -6*y = -3*y - 15. Suppose 0*m = 5*o + 3*m - 154, o + y*m - 22 = 0. Let s(n) = n**2 - 2*n**2 - 27*n + o*n + 8. Calculate s(7).
-6
Let h(a) = a**3 + 4*a**2 - a - 7. Let c(p) = -1179*p - 7079. Let m be c(-6). Give h(m).
-27
Let k(z) = -8*z**3 - 22*z**2 + 13*z + 12. Let r be k(-3). Let x(w) = -48*w - 424. Give x(r).
8
Let k = -205 - -440. Let u = -237 + k. Let s(m) = 12*m**2 - m - 1. Calculate s(u).
49
Let o(j) = -7*j + 1. Let r(z) = z**2 - 50*z + 8. Let d(w) = 29*o(w) - 4*r(w). Calculate d(0).
-3
Let r(d) = -d**3 + 3*d**2 - d + 1. Suppose -259*g = -264*g + 105. Suppose -27*f + 20*f = -g. Give r(f).
-2
Let w(g) = -g**2 + 24*g + 17. Let l be 4/(0 - 29/6 - (-3 - 2)). Determine w(l).
17
Let b(o) = o**3 - 16*o**2 + o - 19. Suppose 3*r - 4*j - 109 = 1018, 0 = -3*r - 3*j + 1134. Suppose 28*a = 71 + r. Determine b(a).
-3
Let r(v) = v + 4. Let a be 0/(-1) - (8 + -7). Let x be a/(-3)*(-36 + 36). Calculate r(x).
4
Let i(b) = -3*b**3 - 2*b**2 + b + 1. Let r(m) = -5*m**3 - 4*m**2 + m + 2. Let p(x) = -8*i(x) + 5*r(x). Let u(f) = -2*f + 13. Let h be u(8). Give p(h).
2
Let y = 479 + -475. Let p(m) = -m**3 + 16*m**2 + 11 - 4*m + 22*m + y*m - 6*m. What is p(17)?
-6
Suppose 5*q + 20*t - 19 = 24*t, -q = -t - 4. Let n(i) = 3 + 7*i**2 + 28*i - 12*i + 4*i**3 - 10*i - q*i**3. Determine n(-4).
27
Suppose -2*r = -0*r - 10. Suppose 0 = -2*c + 4*q + 12, 5*c + 4*q = -49 + 65. Let k(h) = 3*h**3 - 2*h**3 + h**2 - h**2 - c + 4*h - 5*h**2. What is k(r)?
16
Suppose 0 = z - 2*t - 16, -z + 2*z - 1 = -t. Let f(u) = -u**2 + 3*u**2 + 46 - 50 - u**3 + 3*u**2 + 6*u. What is f(z)?
-4
Let u(w) = 3*w - 6. Suppose -5*m + 5*p + 110 = 0, 2*p + 61 = 3*m + 4*p. Let a = -13 + m. Let z be 9/(18/a) + -3 - -5. What is u(z)?
12
Let l(a) = a**2 + 9. Let p(f) = f**2 + f - 30. Let j(n) = -n**3 - n**2 + 3*n - 4. Let h be j(-3). Let z be p(h). Calculate l(z).
9
Let y(t) = -24*t**3 + 2186 - 2249 + 25*t**3 + 30*t**2 - 33*t. Determine y(-31).
-1
Suppose a - 4*a = -9. Let n(z) = -3 + 5*z - 2*z + a*z**3 - z - 4*z**2 - 2*z**3. Let h be (0 + -2*1)/((-1)/2). Calculate n(h).
5
Suppose 6 = 2*f - 3*t - 17, -3*f + 9 = 4*t. Let d(b) = -6 + 2 - 6*b - 7 - f. Let u be d(-4). Let x(n) = -n + 2. Give x(u).
-4
Suppose 4 = -2*l + 4*k, 5*l - 5*k = -0*k + 10. Suppose -r - l*d + d - 15 = 0, d - 5 = -r. Let y(q) = -2*q - q**2 + 8*q - r*q - 4. What is y(-5)?
-9
Let o(a) be the third derivative of 1/24*a**4 - 56*a**2 + 0 + 3/2*a**3 + 0*a. Calculate o(-7).
2
Let p(v) = 2*v**2 + 30*v - 23. Suppose 4660*y = 4649*y - 176. Give p(y).
9
Let p be 2 + 0 + (2 - 0). Let x(d) = -14*d - 87. Let v be x(-6). Let t(f) = f - 2. Let b(r) = r - 3. Let q(w) = v*b(w) + 2*t(w). Give q(p).
1
Let h(x) = -x**2 + 12*x + 2. Let t = 163 - 272. Let o = -96 - t. Determine h(o).
-11
Let h(f) be the second derivative of f**5/20 + 11*f**4/12 - 5*f**3/3 + 8*f**2 - 514*f - 1. What is h(-12)?
-8
Let n(g) = -13*g + 33. Let k(q) = 4*q - 11. Let c(m) = 14*k(m) + 4*n(m). Let h be (504/(-441))/(2/(-7)) - -1. Let x be c(h). Let o(z) = -z. Give o(x).
2
Let z = -4054 - -4057. Let j(f) = f**3 - f**2 - 11*f + 3. Calculate j(z).
-12
Let v(o) be the second derivative of -17*o**3/6 - 43*o**2/2 + 3556*o + 2. What is v(-5)?
42
Let w = -17648 + 17656. Let a(y) = -17*y + 135. Determine a(w).
-1
Let j(z) = -52*z + 944. Let u(w) = -8*w + 150. Let a(t) = -5*j(t) + 32*u(t). What is a(-23)?
-12
Let g = 25673 - 25667. Let r(m) = m**3 - 8*m**2 + 9*m - 1. Determine r(g).
-19
Let t = -29 - -29. Let m(i) = -3*i**2 - 14. Let c(o) = 2*o**2 + 7. Suppose 0*v + 5 = h - v, 4*v = -h + 5. Let x(w) = h*c(w) + 3*m(w). Give x(t).
-7
Let c(b) = b**3 + 12*b**2 - 15*b - 25. Let a be c(-13). Suppose -x = k + a, -4*x - 3 = 5*k - 2. Let i(w) = k*w**3 + 7*w**3 - 4*w**3 + w + w**2. Determine i(-1).
-6
Let g(q) = -453 + q**3 + 57*q + 928 + 32*q**2 - 565. Determine g(-30).
0
Let y(a) = -3*a**3 + 2*a**2 - 2*a - 2. Let k(m) be the second derivative of -m**4/12 - 34*m. Let u(b) = 2*k(b) - y(b). Suppose 4*q - 4 = 2*q. What is u(q)?
14
Let x be (-2)/(-3) + (-1)/(-3). Let a(b) = x - b**3 + 3*b - 2*b**2 - 8*b - 5*b**2. Let p = 12029 - 12035. Determine a(p).
-5
Suppose -5 = 78*x - 83*x. Let s(k) = -2*k + 1. Give s(x).
-1
Let o(p) = p**3 + 4*p**2 + 4*p + 4. Let f(r) = -7*r + 368. Let q be f(44). Suppose -19*l - q = -4*l. Determine o(l).
-12
Let i(c) = -c**3 + c**2 - c - 13. Suppose 11*d = 6*d + 115. Let g(z) = -z. Let s(y) = y + 23. Let h(l) = 6*g(l) + 3*s(l). Let r be h(d). Determine i(r).
-13
Let z(x) = 9 + 4 + x + 5 + 1. Let b = -400 + 388. Determine z(b).
7
Let w(i) = 16*i**2 + i - 1. Let f be w(1). Suppose 2*n + f = 6*n. Let k(s) = s**2 - 6*s + 4. What is k(n)?
-4
Let y(a) = 3*a**2 - 70*a - 111. Let z(r) = -7*r**2 + 151*r + 221. Let g(w) = -9*y(w) - 4*z(w). What is g(-20)?
-5
Let m be (-1*7/14*0)/2. Let z(n) be the second derivative of -5/2*n**2 - 5/6*n**3 + 1/12*n**4 + m - 14*n. Determine z(7).
9
Let m(q) = 3*q**2 + 18*q - 7. Suppose r + f + 10 = 0, 4*r + 4*f = f - 39. Calculate m(r).
74
Let k(j) = -14*j - 14. Let p(s) = -11 - 1 - 7*s + 5*s - 10. Let x be p(-7). Let o(r) = 5*r + 5. Let d(c) = x*o(c) - 3*k(c). Calculate d(-4).
-6
Let a = 1141 + -1140. Suppose 4*d = 1183 + 12801. Let i(q) = d*q - 3497*q - 2 - a. What is i(6)?
-9
Let z(m) = -3*m**2 + 9*m + 20. Let x(u) = 4*u**2 - 9*u - 21. Let g(s) = 2*x(s) + 3*z(s). What is g(13)?
-34
Let p(c) = -c**3 - 8*c**2 - 5. Let s be p(-8). Let z(g) = -28*g - 3. Let d be z(s). Let v(t) = 0 - 131*t**2 + d*t**2 - 1 + 2*t. What is v(1)?
7
Let w(s) = -4*s**2 + 8 + s**2 + 4*s**2 - 8*s. Let x = 24 - -24. Let q be 8 + (-26)/(-143) + x/(-22). Give w(q).
-4
Let t = -1426 + 1427. Suppose -d - 2*q = 2*q + 2, -8 = -2*d + 4*q. Let l(b) = b**3 + t + 2 + 6*b + b + 7*b**d - 2. Determine l(-6).
-5
Let o(l) be the first derivative of l**4/4 + 17*l**3/3 - 17*l**2/2 + 12*l + 2690. Give o(-18).
-6
Let g be (-94 - -103) + 0/2*-1. Let v(u) = 77*u - 152*u + 76*u - g. What is v(17)?
8
Suppose -3*z - 4*y = 18, -5*z - 5*y - 46 = -16. Let t be ((-63)/9 - z)*(-2 - 0). Let w(b) = -2*b. Give w(t).
-4
Let l = 2 - 5. Let w be -3*(l - (-28)/12). Let d(i) be the second derivative of i**3/3 + 64*i. What is d(w)?
4
Let u(b) = -8*b - 81. Let o be ((-240)/(-16) - 15)/(2/(-6)*3). Calculate u(o).
-81
Suppose 5*i = 3*i - 14. Let g(m) = m**3 - m**2 + 1. Let j(q) = 3*q**3 - 10*q**2 + 7*q + 4. Let c = -37 - -36. Let r(t) = c*j(t) + 4*g(t). What is r(i)?
0
Let b(r) = r**3 + 28*r**2 + 29*r + 60. Suppose 27*t + 804 + 384 = -17*t. Determine b(t).
6
Let y(n) = 69*n + 552. Let t be y(-8). Let x(c) = -c**2 - c + 34. Give x(t).
34
Let h(a) = a**2 + a + 1. Let j(w) = 3*w**2 - 42 + 16 + 42 - 30*w. Let z(u) = -2*u**2 + 20*u - 11. Let n(f) = -5*j(f) - 7*z(f). Let c be n(10). Calculate h(c).
7
Let k(s) = -s**2 + 2*s + 19. Suppo